/(-6) + 2). What is the units digit of y + 1*(-4)/4?
2
Let g(c) = -3*c - 11. Let z be g(-3). What is the units digit of 1224/16 - (-1)/z?
6
Suppose -1281 = 18*v - 4107. What is the tens digit of v?
5
Let p(q) = 8*q + 178. What is the units digit of p(56)?
6
Suppose -a - a + 12 = 0. Suppose -4*h + 2*o + 16 = -4, -h - a = 5*o. Suppose 2*c + 2*r - 48 = 0, -c - 2*r = -h*c + 87. What is the units digit of c?
7
Suppose -4*m + 7 = -1. Let v be (-4 - -38)*(-1)/m. Let r = -8 - v. What is the units digit of r?
9
Suppose w + 2 = 0, -4*j + 35 = -7*j - 4*w. Let i = j + 13. Suppose -i*l + 3*l + 17 = 0. What is the tens digit of l?
1
Let w be (-10 - -5)/(1 + -2). Suppose -4*l = -w*l + 48. What is the tens digit of l?
4
Suppose -a + 564 = 120. What is the hundreds digit of a/2 + (-1 - 1) - -3?
2
Suppose r - 3*i = -9 + 3, 0 = -3*r - 4*i + 21. Let u be (-3 - -3)*r/6. Suppose u*x = -4*g + 4*x + 108, 69 = 2*g + 3*x. What is the units digit of g?
0
Suppose -4*w - 359 = -3*f, -3*f - 243 = 3*w - 0*f. Let s = w - -97. What is the tens digit of s?
1
Suppose -33*f + 6195 = 2*f. What is the tens digit of f?
7
Suppose 2*f + 4*a - 14 = 0, 0 = 3*f - 4*f + 4*a - 11. What is the units digit of f/8 - (-335)/8?
2
Suppose q + q + 3*l = 11, 5*l = -4*q + 17. Let w(u) = -5*u**3 - 3*u - 2. What is the units digit of w(q)?
4
Let v = 279 + -176. What is the tens digit of v?
0
Let l = 7472 + -4299. What is the tens digit of l?
7
Suppose -2*w + 318 = -5*o - 815, -4*w - 5*o + 2341 = 0. What is the units digit of w?
9
Let q be 3 + (2 + -1 - 4). Suppose q*n = 3*n - 6. What is the units digit of ((-50)/30)/(n/(-12))?
0
Suppose 10734 = 3*x - 2*p, 122*x + p - 14301 = 118*x. What is the hundreds digit of x?
5
Let x(k) = -3*k**2 - 198*k + 132. What is the hundreds digit of x(-60)?
2
Let l be (5/(-10))/((-3)/420). Let z be ((-56)/l)/(2/(-80)). Let g = 87 - z. What is the tens digit of g?
5
Suppose -k + 7215 = 4*k - 5*i, -5*k + 7207 = -i. What is the units digit of k?
1
Let j = 548 - -867. What is the units digit of j?
5
Suppose 20*p = -o + 21*p + 4726, -p = -4*o + 18889. What is the units digit of o?
1
Suppose 4*q - 872 = 4*o, q + 7*o - 194 = 2*o. What is the hundreds digit of q?
2
What is the units digit of 5 - (-2 - 11)*1?
8
Let q(v) = 16*v**2 - 2*v + 1. Let z be q(1). Let n be 108/z*15/(-2). What is the tens digit of n/(-4) - 8/16?
1
Suppose -20*y + 640 = 20. What is the units digit of y?
1
Let x = -1015 - -1533. What is the tens digit of x?
1
Let u be (-73)/(-15) + 2/15. Suppose 0 = -u*t - 3*n - 15, n = 2*t + 2*t - 5. Suppose 6*x - 9*x + 78 = t. What is the units digit of x?
6
Let l = -22 - -32. Suppose -14 = -3*w + 2*j, 3*w - 3*j - l = -2*j. Suppose 3*h = -o - 3*o + 143, -w*h = 5*o - 170. What is the units digit of o?
2
Suppose 2*j - 2 = 3*j - 2*l, 0 = 4*l - 12. Let x(m) be the second derivative of m**4/12 - 5*m**3/6 + 3*m**2 + 2*m - 33. What is the units digit of x(j)?
2
Let c be (-7)/((-7)/6) + -2. Suppose 4*m + 4*a + a = 6, c*m = -2*a. What is the tens digit of (-11)/(m/(1 + 0))?
1
Suppose 12 = 3*j + j. Suppose 16 = 4*n - 3*s, -2*n - s + 19 = 21. Let a = j + n. What is the units digit of a?
4
What is the units digit of 10/8 - (-236457)/188?
9
Let x(h) = h**2 - 13*h + 17. Let d be x(12). Let k(g) = -g**3 + 5*g**2 + 5*g - 2. What is the units digit of k(d)?
3
Suppose 5*r + 20 = -j + 4*j, -3*j = 2*r - 13. Let y = 12 - j. Suppose y = -5*g + 62. What is the units digit of g?
1
Let v = 77 + -56. What is the units digit of v?
1
Let t(g) be the first derivative of g**4/4 - 2*g**3 + 7*g**2/2 + 6*g - 8. What is the tens digit of t(6)?
4
Let p(t) = -19*t - 30. Let f be p(5). What is the units digit of (-4)/(-10) + (-12075)/f?
7
Suppose v - 2*v = 2*q - 2, 2 = v - 2*q. Let b = v + 2. Suppose -2*k - 2*k = -4*m + 224, -b*m + 209 = -k. What is the tens digit of m?
5
Let l be 3*31*279/27. What is the units digit of -3*l/(-27) - 2/(-9)?
7
Let g(q) = 62*q**2 + 42*q + 188. What is the tens digit of g(-5)?
2
Let w = 272 + 1937. What is the thousands digit of w?
2
Let y(n) = -n**2 - 6*n - 6. Let m = -12 - -8. Let l be y(m). Suppose -2*j + 61 = -l*c - c, 2*j + 3*c = 31. What is the tens digit of j?
2
Suppose -18*h + 32164 = 6550. What is the thousands digit of h?
1
Suppose -1169 = a - 3*a - 3*m, a - 4*m - 579 = 0. What is the hundreds digit of a?
5
Suppose -7*c + 11064 + 4091 = 0. What is the thousands digit of c?
2
Suppose -4*x = 4*n - 12, -2*x - 3*n = -4*n. Let d(q) = 160*q - 3. What is the units digit of d(x)?
7
Let f(x) = 10*x**2 + 17*x - 1. What is the hundreds digit of f(7)?
6
Suppose -8 = 9*k - 5*k. Let r be -4 + k/2 + 7. Let s(c) = -c**2 + 4*c - 3. What is the units digit of s(r)?
1
Suppose -4*t - 2041 = -17*t. What is the hundreds digit of t?
1
Let q = 2358 - 1946. What is the tens digit of q?
1
Let v(g) = -3*g**2 + 2*g**2 - 2*g + 3 + 9*g. Suppose 4*h - 9*h + 20 = 0. What is the tens digit of v(h)?
1
Let y(h) = -17*h + 1. Let f be y(-5). Let a = 144 - f. What is the tens digit of a?
5
Let u = -15 + 19. Suppose -3*c + 183 = -t, u*t - 256 = -4*c - 12. What is the units digit of c?
1
Let x = 872 - -111. What is the hundreds digit of x?
9
Let p be (1*6)/(18 - 16). Let d(n) = -13 + p*n + 0*n + 16. What is the units digit of d(16)?
1
Let w(s) = 52 - 5*s - 51 - 3*s. What is the units digit of w(-14)?
3
Let m(c) be the third derivative of -1/24*c**4 + 22/3*c**3 + 0*c + c**2 - 1/60*c**5 + 0. What is the tens digit of m(0)?
4
Let q be ((-100)/4)/5 - -11. Suppose -j - 149 = y - q*y, -y + 29 = -j. What is the units digit of y?
0
Let t(y) = 3 - 9 - 10 - 3*y + 2. What is the tens digit of t(-10)?
1
Let r(m) = -58*m**3 + 9*m**2 + 10*m + 10. What is the thousands digit of r(-3)?
1
Suppose -6*u + 7*u - 15 = 0. What is the tens digit of (24/5)/(3/u)?
2
Suppose -2*z + 380 = 3*z. Suppose -2*m = -3*m + z. Suppose -4*x = -u + 29, -x = -3*u - 0*x + m. What is the tens digit of u?
2
Suppose 4*z - 6*t = -4*t, 0 = -4*z - 3*t. Let d(w) = w + 14. Let h be d(-12). Suppose h*k + 3*y = 33, -2*k - k + 5*y + 2 = z. What is the units digit of k?
9
Suppose 6*m + m = 805. Let g = m - 2. What is the hundreds digit of g?
1
Let w be 64/(-56) - (-3)/21. Let q be w + (-1)/(-2)*6. What is the tens digit of q*25 - 40/(-10)?
5
Let g(c) = -c**3 - 3*c**2 + 15*c - 9. Let d be g(-7). Suppose -30 = -2*l + d. What is the units digit of l?
6
Let c(o) = 4*o - 16. Let x be c(7). Suppose -3*u - x + 57 = 0. Suppose 5*n + u = 95. What is the units digit of n?
6
Let p be 4/(-8) - 1269/6. Let t = p - -306. Suppose 0 = -5*h + t + 101. What is the units digit of h?
9
Let g(r) = 8*r**2 + 2*r - 9. Let l = 23 - 29. What is the tens digit of g(l)?
6
Suppose 5*s + w + 39 = 0, -24 - 4 = 4*s + 4*w. Let b be ((-2)/4)/((-1)/(-36)). Let m = s - b. What is the tens digit of m?
1
Let t(w) = 7*w - 6. Let y(c) = 8*c - 6. Let a(b) = 3*t(b) - 2*y(b). Let m be (-5)/(-1) + 3/(-3). What is the units digit of a(m)?
4
Let n(l) = l + 1. Let o(m) = 2*m + 30. Let q(k) = -4*n(k) + o(k). What is the units digit of q(12)?
2
Let c(t) = 57*t**3 + t**2 - 2*t. Let r be c(1). Let y = r - 29. What is the units digit of y?
7
Let v(k) = k**2 + 15*k + 39. Let a be v(-12). Suppose -3*r - 19 - 21 = -n, a*n = 5*r + 120. What is the tens digit of n?
4
Let c = 12 + -9. Suppose -7*n = -c*o - 4*n + 66, 0 = 4*n. Suppose 4*r = 5*r - 1, -2*g + 2*r = -o. What is the units digit of g?
2
Suppose 4*b = -p + 557, -528 - 181 = -5*b + 3*p. Suppose -5*x - b = -10*x. What is the units digit of x?
8
Let b = -767 + 776. Let t be (-4 - 0/(-2))*-22. Let d = t - b. What is the tens digit of d?
7
Let z(q) = q**2 - 2*q + 4. Let n be z(3). Suppose -c - n = -2*u - 22, 51 = 5*c - 4*u. Suppose 5*o = -2*h + 25, c = 4*o - 5. What is the units digit of h?
5
Let b(f) = -3*f - 22. Let z be b(-9). What is the units digit of -1*(z + -3)*-42?
4
Let v(s) = 4*s + 3. Let u(w) = -5*w + 10. Let y be u(-6). Let r be 232/y + 1/5. What is the units digit of v(r)?
7
Suppose 0 = 5*y - 14 - 1, 3*y - 2999 = -5*d. What is the tens digit of d?
9
Let q = -1898 + 3769. What is the thousands digit of q?
1
Let s = 724 - -527. What is the thousands digit of s?
1
Let c = -1095 + 1700. What is the units digit of c?
5
Suppose -9*a - 5 = -4*a. Let r be (1/(-2))/(3/18). What is the tens digit of (-11 - (r - a))*-3?
2
What is the tens digit of 42/28*(